ase 13.
289
-c2b (base 15) to base 4
-222311
What is -9c86 (base 13) in base 14?
-7db1
Convert 670 (base 15) to base 14.
75d
Convert 2087 (base 11) to base 8.
5305
347 (base 8) to base 12
173
-5204 (base 6) to base 3
-1120211
101110111010011 (base 2) to base 10
24019
What is -12175 (base 9) in base 13?
-3944
What is 851 (base 11) in base 14?
532
What is 3307 (base 9) in base 4?
212011
What is -25ab (base 13) in base 2?
-1010100000100
3aa (base 14) to base 9
1010
Convert 1313 (base 8) to base 10.
715
Convert 10031 (base 5) to base 6.
2545
What is -80770 (base 9) in base 4?
-30331332
-a1 (base 13) to base 16
-83
What is 14054 (base 8) in base 9?
8435
What is -12220 (base 5) in base 10?
-935
What is 326 (base 12) in base 5?
3322
-1402 (base 15) to base 9
-5772
1131111 (base 5) to base 14
7805
161 (base 14) to base 7
551
What is -133456 (base 7) in base 16?
-62bc
Convert 3303310 (base 4) to base 14.
5988
What is -2221 (base 3) in base 15?
-54
Convert -121111 (base 3) to base 5.
-3240
What is -4200 (base 11) in base 6?
-41434
Convert 1101100111001 (base 2) to base 15.
20e9
Convert -10320 (base 6) to base 15.
-646
Convert -14504 (base 10) to base 4.
-3202220
-16678 (base 9) to base 4
-2303210
-2112011 (base 3) to base 6
-12304
-113312 (base 4) to base 2
-10111110110
What is -5a2 (base 13) in base 16?
-3d1
22320123 (base 4) to base 15
d316
238a (base 12) to base 7
14434
Convert 1424 (base 8) to base 11.
657
Convert -23321 (base 6) to base 13.
-16b7
Convert -1141431 (base 5) to base 6.
-243255
Convert 2422 (base 8) to base 14.
68a
-381 (base 15) to base 6
-3404
Convert 1113 (base 16) to base 11.
3314
Convert -10121022 (base 3) to base 4.
-221003
-3612 (base 13) to base 15
-23d0
Convert -a536 (base 14) to base 15.
-867d
Convert 1011101111011101 (base 2) to base 12.
239b9
Convert -3271 (base 12) to base 6.
-41421
435c (base 13) to base 3
110212010
Convert -110001111010 (base 2) to base 9.
-4338
11010100 (base 2) to base 12
158
What is 10553 (base 8) in base 16?
116b
What is 5 (base 10) in base 3?
12
-1221120 (base 3) to base 7
-4065
Convert -6166 (base 15) to base 9.
-31186
Convert -60 (base 9) to base 11.
-4a
Convert 2ea (base 16) to base 10.
746
What is 120 (base 6) in base 16?
30
12340 (base 9) to base 5
231143
-5975 (base 16) to base 10
-22901
9a7 (base 12) to base 5
21143
Convert -26b (base 12) to base 3.
-111202
What is -111011010010 (base 2) in base 13?
-195b
What is -133 (base 9) in base 7?
-216
What is 9116 (base 12) in base 4?
3311202
Convert 29 (base 10) to base 15.
1e
Convert 133345 (base 6) to base 7.
51203
Convert 110212 (base 4) to base 15.
5cd
What is -24042 (base 6) in base 8?
-6632
Convert -53293 (base 10) to base 15.
-10bcd
Convert -21311 (base 5) to base 7.
-4150
-13121 (base 4) to base 11
-3a0
-10404 (base 8) to base 12
-2630
-803 (base 14) to base 2
-11000100011
-10231 (base 4) to base 7
-610
What is -1101010111000110 (base 2) in base 6?
-1101210
Convert -33b (base 15) to base 3.
-1000002
What is -10317 (base 8) in base 9?
-5811
Convert -10042 (base 5) to base 3.
-212222
Convert -55451 (base 8) to base 16.
-5b29
-1343 (base 6) to base 2
-101011111
What is 130432 (base 6) in base 16?
2e34
-287 (base 14) to base 8
-777
What is 1437 (base 13) in base 6?
21303
-332 (base 5) to base 16
-5c
124b (base 12) to base 8
4033
Convert 6633 (base 15) to base 16.
5490
-9db8 (base 15) to base 11
-23170
What is -11122 (base 5) in base 9?
-1064
Convert -11132 (base 4) to base 13.
-20c
Convert -c (base 13) to base 14.
-c
Convert 1000001111 (base 2) to base 12.
37b
What is -110100100011110 (base 2) in base 15?
-7e90
-132b (base 14) to base 6
-23335
Convert f2 (base 16) to base 6.
1042
What is 314055 (base 7) in base 13?
1b8bb
102203 (base 4) to base 6
5255
What is -1210121 (base 3) in base 11?
-a93
561 (base 12) to base 6
3401
Convert 1170 (base 15) to base 12.
2189
Convert -17646 (base 8) to base 7.
-32423
Convert 1482 (base 9) to base 12.
79b
-1000011010011001 (base 2) to base 8
-103231
Convert -112333 (base 4) to base 16.
-5bf
Convert -ae (base 16) to base 7.
-336
22136 (base 8) to base 11
6aa4
1c34 (base 16) to base 6
53232
Convert 766 (base 8) to base 15.
237
What is -7317 (base 10) in base 11?
-5552
What is -23331 (base 4) in base 11?
-636
What is -24015 (base 9) in base 3?
-211000112
405 (base 8) to base 6
1113
What is 548a (base 12) in base 9?
13707
Convert 8503 (base 10) to base 12.
4b07
4464 (base 14) to base 15
379d
-440 (base 14) to base 2
-1101001000
What is -459e (base 16) in base 8?
-42636
Convert -2105 (base 6) to base 4.
-13121
What is -4238 (base 13) in base 10?
-9173
Convert -10032230 (base 5) to base 11.
-55384
What is -2115 (base 7) in base 5?
-10442
1114413 (base 5) to base 4
10320033
What is -35422 (base 6) in base 5?
-131001
What is -6c43 (base 15) in base 8?
-54745
2c76 (base 13) to base 8
14567
-c70 (base 13) to base 6
-13451
11544 (base 6) to base 4
122320
-2574 (base 8) to base 10
-1404
2320 (base 6) to base 5
4202
-22232 (base 7) to base 8
-12751
Convert -101001110010 (base 2) to base 3.
-10200001
300 (base 13) to base 12
363
364 (base 11) to base 5
3213
What is 965b (base 12) in base 9?
24548
Convert 4235 (base 6) to base 15.
43e
Convert 1200202101 (base 3) to base 12.
17377
Convert 3456 (base 7) to base 16.
4f2
Convert -10010100 (base 2) to base 4.
-2110
-1008 (base 9) to base 5
-10422
Convert -1a7b (base 13) to base 5.
-111424
What is -c98 (base 16) in base 3?
-11102102
Convert -20120 (base 3) to base 14.
-c9
Convert -1110 (base 2) to base 11.
-13
-1000000110 (base 2) to base 14
-290
Convert -486 (base 16) to base 8.
-2206
Convert 151103 (base 6) to base 12.
8493
-5683 (base 16) to base 11
-15704
-1364 (base 9) to base 16
-406
What is 1b794 (base 12) in base 2?
1001111110100000
Convert -1154 (base 10) to base 11.
-95a
Convert 11240 (base 7) to base 2.
101100110110
-1010010110010 (base 2) to base 3
-21021020
What is 134342 (base 6) in base 3?
122100222
1aa70 (base 14) to base 2
10000100101001010
What is 43dc (base 16) in base 6?
212232
-113 (base 7) to base 14
-43
-210a8 (base 12) to base 5
-2341303
Convert 1225 (base 12) to base 14.
a61
What is -b576 (base 16) in base 12?
-22a72
What is -156 (base 14) in base 10?
-272
-144 (base 12) to base 10
-196
10123111 (base 4) to base 6
215541
Convert -a18 (base 11) to base 4.
-103031
Convert 16c (base 13) to base 9.
317
Convert -1421 (base 6) to base 16.
-175
Convert 26131 (base 9) to base 8.
42305
-a0 (base 13) to base 8
-202
Convert 1c1 (base 15) to base 5.
3111
174c (base 16) to base 2
1011101001100
What is -28a (base 12) in base 11?
-329
-1a9 (base 13) to base 10
-308
Convert 2342 (base 9) to base 15.
7ae
-113033 (base 5) to base 16
-102f
Convert 250564 (base 7) to base 9.
68871
What is -4970 (base 10) in base 12?
-2a62
Convert 11381 (base 15) to base 3.
2210011111
Convert -10333 (base 4) to base 2.
-100111111
What is 859f (base 16) in base 8?
102637
What is 28176 (base 9) in base 4?
10222200
Convert -11a3 (base 12) to base 13.
-ba6
Convert 51258 (base 9) to base 7.
200252
What is -2030310 (base 4) in base 8?
-21464
What is -246 (base 15) in base 8?
-1004
What is 1355 (base 11) in base 2?
11011011010
Convert -336 (base 11) to base 7.
-1113
What is -61a (base 11) in base 7?
-2115
-ec01 (base 15) to base 7
-265426
What is -35a (base 16) in base 11?
-710
What is 10225 (base 6) in base 2?
10101101001
What is 4c7 (base 15) in base 10?
1087
Convert 28 (base 10) to base 8.
34
-10552 (base 6) to base 12
-a58
What is -120213 (base 4) in base 12?
-ab3
Convert -3914 (base 10) to base 5.
-111124
What is 3989 (base 12) in base 15?
1e40
Convert -9c10 (base 16) to base 3.
-2000210201
What is -1212 (base 7) in base 15?
-200
-1011110110011 (base 2) to base 16
-17b3
-27889 (base 10) to base 6
-333041
Convert -1474 (base 12) to base 5.
-34032
What is 256153 (base 7) in base 9?
72461
Convert 2461 (base 9) to base 13.
ab4
-11111220 (base 4) to base 11
-15477
Convert 1633 (base 10) to base 14.
849
Convert -21201120 (base 3) to base 8.
-12777
What is 10242 (base 5) in base 12?
4a1
What is 387 (base 9) in base 2?
101000010
-12772 (base 11) to base 13
-83b3
Convert -1231 (base 5) to base 7.
-362
What is -157 (base 9) in base 11?
-111
34670 (base 9) to base 10
23148
-1223323 (base 4) to base 16
-